 + (2 - -1 - 7))
5
What is the value of 107 + -115 + (1 + 0 - -4)?
-3
What is (3 - (-1 - -5)) + -4?
-5
Evaluate ((6 - 3) + 0 - 0) + -8.
-5
-1 + (18 - 9) + -9
-1
Evaluate 2 + -9 + -2 - -8.
-1
Evaluate -39 + 25 - (-3 - (4 + -4)).
-11
What is the value of (-1 - (-6 + 7)) + 1 + 1?
0
What is the value of -2 + 8 + -17 + 12?
1
Evaluate -1 + 2 + -1 - (-12 + 10).
2
Calculate 5 + (-5 - 8) + 5 - -2.
-1
What is -4 - (-4 + (-4 - -4) + 1)?
-1
Calculate (-5 - (5 - 15)) + -8.
-3
Evaluate -8 + (2 - -6) - -4.
4
What is -4 + 15 + 4 - 7?
8
Calculate 0 + -1 - -4 - (-1 + 4).
0
10 + (-1 - 0 - 15)
-6
-2 + 1 - (4 - (9 - 5))
-1
What is the value of 8 + -15 + 6 + 0?
-1
Evaluate 8 - 0 - 7 - (2 - 1).
0
1 + -18 + 14 + 3 + 1
1
Calculate -3 - 2 - (-11 - -8).
-2
Calculate -2 + (4 - 3) + -4 + 2.
-3
Evaluate -1 + -2 + 6 + -7.
-4
(2 + -3 - (4 - -1)) + 1
-5
What is -6 - (5 + 3 + -10)?
-4
3 + -9 + 4 + -1
-3
Evaluate (17 - 12) + (-6 - 0).
-1
Evaluate 0 + -5 + (8 - 7).
-4
-520 - -504 - (-7 - (0 - 0))
-9
(5 - 3) + (4 - 2)
4
What is 2 + (-4 + 1 - (-37 - -31))?
5
2 + (-10 + (-2 - -3) - -3)
-4
What is -4 - ((1 - (-4 + 2)) + -2)?
-5
What is -9 - ((2 - -8) + -10)?
-9
Evaluate -76 - -68 - (-1 + -7).
0
What is the value of -5 - (-2 + 6 + -6 + -3)?
0
Evaluate 4 + (-2 - -5) + -1 + -11.
-5
What is the value of (0 - (1 + 3)) + 0?
-4
Evaluate 1 - (-13 + 0 + (9 - 3)).
8
What is 1 + (3 - (-3 + 4))?
3
4 - (-2 - (-10 + 4))
0
(4 - 4 - -5) + -7 + -3
-5
What is (-5 - (20 + -6)) + 1 + 7?
-11
What is the value of -1 - (-10 + 2) - 9?
-2
Evaluate 1 - -3 - 8 - 3 - -15.
8
What is -5 + 3 - (-4 + -3)?
5
What is the value of 4 + 3 - (-1 + 7 - -10)?
-9
Evaluate (-1 - -2) + (5 - (10 - 6)).
2
What is the value of 13 + (9 - 26) - (1 - 5)?
0
What is the value of (5 + 0 - -4) + -5?
4
What is 2 + 0 + (-7 - (0 + -5))?
0
Calculate -2 + (1 + -1 - -1) - 2.
-3
Evaluate -1 + 1 + (-2 - -2).
0
Evaluate -1 + 2 + (-8 - -4 - 1).
-4
Calculate 6 + (-8 - (6 - 7 - -2)).
-3
Calculate 2 + -5 - (-1 + 4 + -5).
-1
Calculate 0 + -1 + 2 + -201 + 196.
-4
Calculate 5 + 0 + (-3 - 0).
2
Calculate -5 - (-23 + (20 - 7)).
5
What is (-7 + 5 - 3) + 2?
-3
Calculate (89 - 89) + (-4 - 1).
-5
What is 1 - 7 - (38 + -42)?
-2
What is the value of 2 - 2 - (72 - 63)?
-9
What is the value of 1 + 2 + -6 + 7 + -8?
-4
What is the value of -3 + 13 + -8 - 2?
0
What is the value of (0 + 4 - 6) + 3?
1
3 + 4 + -5 + -4
-2
Calculate -1 - 0 - (3 + -11 + 10).
-3
What is the value of (-2 - -6) + -6 + 7?
5
Calculate -10 - -3 - (9 + -11).
-5
What is -2 - (-3 - (1 + -7))?
-5
(-5 - (2 - (5 + 5))) + -5
-2
0 - ((0 - 0) + -3)
3
Evaluate 6 + -29 + 6 + 13.
-4
Calculate 1 + 2 + 1 + -3.
1
Calculate -4 + (8 + -1 - (12 - 8)).
-1
Calculate -27 + 16 - (0 + -12).
1
What is the value of (-3 + 5 - 3) + 2?
1
What is (0 + 6 - 8) + 3?
1
Calculate 2 + -6 + 9 + -1 + -5.
-1
What is 7 - -2 - (-1 - -4)?
6
Calculate -4 - -8 - (1 - 2).
5
Calculate -4 + 0 + 5 + 3.
4
-2 - (-4 - 2 - (12 - 18))
-2
Calculate (-4 - (2 - -1)) + 4 - -2.
-1
Evaluate 5 + (-7 - -11) + -10.
-1
What is 0 + (2 - -3) + -2?
3
Calculate -8 + 4 + -8 + 12.
0
What is the value of -4 + 0 + (6 - -3)?
5
Calculate 3 - (-1 + (-11 - -7) + 4).
4
What is the value of -5 + 0 - (65 - 66)?
-4
(-3 - 5) + (-2 - -9)
-1
Calculate -1 - (4 - 4 - -2).
-3
(18 - (26 - 10)) + (-1 - -7)
8
Evaluate -6 - -3 - (0 + (-2 - 2)).
1
Evaluate 1 + (1 + 8 + -3 - 4).
3
What is 19 - 5 - ((-9 - -5) + 7)?
11
Calculate (3 - -2 - 6) + -12 - -5.
-8
What is 8 + -7 + 5 + -1?
5
Calculate -2 + 2 + -7 + 4.
-3
Evaluate 1 + 7 + -2 - 3.
3
Calculate (-1 - (0 + 0)) + (52 - 51).
0
What is (-8 - -1) + (-56 - -61)?
-2
(-2 - (1 + 0 - 3)) + -8
-8
What is 0 - -3 - (1 - 0)?
2
Evaluate -3 - (3 - 5) - 1 - 3.
-5
Evaluate 34 - 40 - (-1 + 3).
-8
(1 - 2) + (0 - 0) + -5
-6
What is the value of (1 + 4 - 13) + 4?
-4
What is (3 - 5 - -4) + (0 - 1)?
1
1 + -3 + (-1 - (-8 + 5))
0
-2 - (3 + -1 + -1 + -6)
3
What is -110 + 94 - (-2 + -11)?
-3
What is -4 + 1 - -2 - -3?
2
What is the value of 8 - ((-4 - -1) + 6)?
5
-6 + (-3 - (0 + -7)) + -2
-4
Calculate 5 + (-13 - -2) + 12 + -17.
-11
What is the value of (7 - 7 - -4) + 1?
5
1 + (1 + 3 - (4 - 0))
1
What is 0 + (5 - 7) + 4?
2
(-1 - 0 - (-1 + 4)) + 0
-4
Calculate 5 + (-5 - (3 - 5)) - -1.
3
What is the value of -1 - (-7 + 5 + 0)?
1
Evaluate 1 - (-5 + -14 - -12).
8
Calculate (-3 - -1 - 2) + (1 - 2).
-5
Evaluate 5 - -3 - (2 + 0) - 9.
-3
What is the value of 0 + 6 - (-3 + 12 + -14)?
11
-4 - (3 + -5) - (0 - -2)
-4
Calculate 1 + -4 + 1 - 0.
-2
Calculate 3 + (-3 - 0) - 3 - -1.
-2
What is the value of 4 + -2 + -7 - -1?
-4
What is -3 + ((0 - 3) + -3 - -11)?
2
Calculate -6 + (-2 - -4) + 0.
-4
What is the value of 3 + (-3 - -3) + -6?
-3
-6 + 1 - (2 + -3)
-4
Calculate -3 - (8 - 5 - 11).
5
What is the value of -15 + 10 - (-2 - -1)?
-4
What is (1 + -2 - 0) + -18 + 15?
-4
Evaluate -9 + (2 + -2 - -2).
-7
What is 4 - (3 + -7 + 6)?
2
Evaluate -4 + 3 - (11 - 12 - 2).
2
What is the value of (-3 - (2 + -5)) + 4?
4
What is -2 + (3 - (4 - 1) - -2)?
0
0 + 1 + -3 - (14 - 10)
-6
2 - (4 + 9 + -11)
0
Calculate 5 - (9 + -5 - 6 - -3).
4
What is (1 - 1) + (-6 - -3)?
-3
Calculate -2 - (2 + -1) - 2.
-5
What is the value of -1 + (-6 + 0 - -3)?
-4
What is the value of 2 + (-4 + (4 - 0) - 4)?
-2
Evaluate 2 + (-4 + 3 - 6) + 4.
-1
What is 10 - (4 - (-10 - -11))?
7
Calculate -13 - -12 - (-3 + -1).
3
What is the value of 4 + -1 + (-4 - -4)?
3
Evaluate 5 + (0 - (-8 + 8)).
5
What is the value of 5 + -3 - (0 - -3)?
-1
1 + (5 + -18 + 6 - -3)
-3
What is (6 - (-8 - -12)) + -8?
-6
Calculate (1 - 0) + 0 - 3.
-2
Evaluate 3 - -2 - (-21 + 15).
11
Calculate (11 - 7) + -3 + -4.
-3
0 + 3 - (4 + -3 + 6)
-4
(10 + -2 - 3) + (1 - 3)
3
Evaluate -3 - (-44 - -53 - (-1 - -7)).
-6
Calculate 8 - 6 - -12 - 10.
4
0 - (7 + (-5 - -1))
-3
3 + (7 + -1 - 6) + -2
1
What is (0 - 4) + 0 + 7?
3
Calculate (1 - 1) + -8 + 14 + -2.
4
What is the value of 2 - (3 - 2) - (-30 + 34)?
-3
Calculate 3 - -11 - (15 - 5).
4
Calculate 2 - (0 + 6 + -8).
4
-11 - -1 - (0 - 9)
-1
What is the value of 4 + (-7 - (-5 + (-4 - -5)))?
1
Evaluate 2 + -2 + -9 - (-13 + 8).
-4
0 + (-1 - (5 + -7)) + -4
-3
What is the value of 6 - (3 - 2 - -2)?
3
What is -1 - (-1 + -5 + (4 - 1))?
2
What is the value of -5 + 10 + 4 + 1?
10
-1 + (-5 - 1) - (-12 - 1)
6
Evaluate -3 + (4 - 6) + 2.
-3
-2 - (0 + 5 - 6)
-1
Calculate 1 - (2 + -3) - 4.
-2
Evaluate 4 + (-2 - 1) + 0 + 4.
5
What is the value of 3 - (1 + 2) - 3?
-3
What is 2 + 0 + (3 - 1) + -4?
0
-10 - (2 + (-5 - -1) + -3)
-5
What is (-2 + 1 - (-1 + 3)) + 5?
2
Evaluate (-2 - (10 + -6)) + (4 - 2).
-4
What is the value of -1 - (-7 + 3 - -2)?
1
(14 - 8) + -3 + -3
0
What is the value of -4 - (1 - 0 - 6)?
1
What is the value of 11 - 6 - 10 - -6?
1
6 + 8 + -5 + -5
4
What is 2 + -1 - (1 + -1 + 3)?
-2
What is 4 + -8 - -7 - 4?
-1
Calculate 1 + (18 - 10 - (0 - -8)).
1
Calculate (3 + -1 - -1) + 2 + 0.
5
Calculate -2 - (-5 + 7 + -2) - -7.
5
Evaluate 3 + (-3 - -1 - 0) + 3.
4
What is -7 - (-8 - 4 - -10)?
-5
What is 0 - 3 - (1 + -7)?
3
What is 10 + -11 + (-8 - -11)?
2
Evaluate (20 - -3) + -10 - 9.
4
Evaluate -3 - ((-8 - -4) + 1 + 0).
0
What is (-1 - -3) + 14 + -11 + -8?
-3
What is -5 - (0 + -5 + 1) - -1?
0
What is -6 - -12 - (1 - 2)?
7
Evaluate 3 + 0 + (-7 - -2 - -6).
4
What is the value of (9 - 7) + -11 - -9?
0
What is -1 + -3 + (11 - -5) + -4?
8
(4 - (-4 - -4)) + -6
-2
Calculate (-10 - -12) + 2 + -9.
-5
Evaluate -1 + -1 - (-25 - -25).
-2
Calculate 2 + (1 + 2 - (8 + -4)).
1
Calculate 10 + (-2 - (5 + -1)) + -3.
1
Evaluate -3 - (4 + -1 + -3) - -7.
4
What is (-6 - -2) + 18 + -9?
5
Evaluate 0 - -2 - 0 - (47 - 50).
5
What is the value of -4 - (-4 - -2) - (-43 - -39)?
2
Calculate (8 - -1) + 199 + -203.
5
3 - (3 - (-3 + 5)) - 2
0
Calculate (-6 - 8) + 15 + -5.
-4
What is the value of 4 + (6 - -1) + (-6 - 2)?
3
What is (-3 - (1 - -1)) + 3?
-2
-19 + 17 + (1 + 0 - 1)
-2
What is (-7 - (-8 - -13)) + 1?
-11
What is 7 - (-1 + 0 + (7 - 0))?
1
What is 4 + 5 - (-7 - -13)?
3
0 - (-3 - (-3 - -5))
5
What is the value of 4 + 7 + -16 + (1 - 6)?
-10
Evaluate (44 - 53) + (1 - -1).
-7
What is -2 - (2 - (8 + 2 + -14))?
-8
6 - (2 - (-2 - (-2 - 1)))
5
What is the value of 2 - 1 - (-1 + -5)?
7
Evaluate -7 - (1 - 1) - (-1 - 5).
-1
Calculate -1 - (-2 + -1) - (55 - 59).
6
What is 1 - (0 - 5 - -6)?
0
Calculate 2 + (2 - (-1 - (2 - 4))).
3
Calculate (1 + -9 - (31 + -33)) +